{"id":330,"date":"2018-01-03T00:29:18","date_gmt":"2018-01-02T23:29:18","guid":{"rendered":"http:\/\/job-agenten.de\/?page_id=330"},"modified":"2018-02-05T10:42:53","modified_gmt":"2018-02-05T09:42:53","slug":"referenzen","status":"publish","type":"page","link":"https:\/\/job-agenten.de\/pl\/fuer-arbeitgeber\/referenzen\/","title":{"rendered":"Referenzen"},"content":{"rendered":"[vc_row el_class=&#8221;inhalt erster&#8221;][vc_column][vc_column_text]\n<h2>Referenzen<\/h2>\n<p>Hier finden Sie die aktuellen Referenzen von Unternehmen die dank den Job-Agenten sehr gute Mitarbeiter gefunden haben.[\/vc_column_text][\/vc_column][\/vc_row][vc_row][vc_column][vc_empty_space height=&#8221;40px&#8221;][\/vc_column][\/vc_row][vc_row][vc_column width=&#8221;1\/2&#8243;][mk_custom_box padding_vertical=&#8221;20&#8243; margin_bottom=&#8221;40&#8243; bg_color=&#8221;#ffffff&#8221; border_color_style=&#8221;single_color&#8221; border_color=&#8221;#8f0000&#8243;][vc_column_text]\n<p style=\"text-align: center;\">Wir haben mit den Job-Agenten innerhalb k\u00fcrzester Zeit sehr gut ausgebildete und zuverl\u00e4ssige KFZ-Mechatroniker gefunden und diese in ein festes Arbeitsverh\u00e4ltnis \u00fcbernommen. Gerne kommen wir bei Bedarf wieder auf die Job-Agenten zur\u00fcck. Vielen Dank und ein dickes Lob an das gesamte Team. Immer freundlich, kompetent. zuverl\u00e4ssig und ehrlich. Auf so ein Team kann Frau Schimizek, die Gesch\u00e4ftsf\u00fchrerin, stolz sein.<\/p>\n<p>Stefan Fritsch, Gebietsleiter der A.T.U. Handels GmbH &amp; Co. KG<\/p>\n[\/vc_column_text][\/mk_custom_box][\/vc_column][vc_column width=&#8221;1\/2&#8243;][mk_custom_box padding_vertical=&#8221;20&#8243; margin_bottom=&#8221;40&#8243; bg_color=&#8221;#ffffff&#8221; border_color_style=&#8221;single_color&#8221; border_color=&#8221;#8f0000&#8243;][vc_column_text css=&#8221;.vc_custom_1516619462509{margin-bottom: 0px !important;}&#8221;]\n<p>Sehr geehrte Frau Schimizek,<\/p>\n<p>ich w\u00fcnsche Ihnen und Ihrem Team ein gutes und erfolgreiches Jahr 2018. An dieser Stelle m\u00f6chte ich mich noch einmal ganz herzlich f\u00fcr die hervorragende Zusammenarbeit, f\u00fcr die einwandfreie und kompetente Vermittlung meine\u00a0Mitarbeiter bedanken. Sie haben sich alle super eingelebt, sind qualifiziert, motiviert und \u00e4u\u00dferst loyal. Eine Bereicherung f\u00fcr das gesamte Team.<\/p>\n<p>Ich freue mich auf weitere Therapeuten-Vorschl\u00e4ge und w\u00fcrde mich sehr freuen von Ihnen bald zu h\u00f6ren.<\/p>\n<p>Herzliche Gr\u00fc\u00dfe<\/p>\n<p>G. Miegel Therapiezentrum, Januar 2018[\/vc_column_text][\/mk_custom_box][\/vc_column][\/vc_row][vc_row][vc_column width=&#8221;1\/2&#8243;][mk_custom_box padding_vertical=&#8221;20&#8243; margin_bottom=&#8221;40&#8243; bg_color=&#8221;#ffffff&#8221; border_color_style=&#8221;single_color&#8221; border_color=&#8221;#8f0000&#8243;][vc_column_text css=&#8221;.vc_custom_1516176040089{margin-bottom: 0px !important;}&#8221;]\n<p style=\"text-align: center;\"><span style=\"display: inline !important; float: none; background-color: transparent; color: #333333; cursor: text; font-family: Georgia,'Times New Roman','Bitstream Charter',Times,serif; font-size: 16px; font-style: normal; font-variant: normal; font-weight: 400; letter-spacing: normal; orphans: 2; text-align: left; text-decoration: none; text-indent: 0px; text-transform: none; -webkit-text-stroke-width: 0px; white-space: normal; word-spacing: 0px;\">Hier haben Sie als Arbeitgeber Platz, um zu beschreiben, wie die Zusammenarbeit mit uns verlaufen ist. Wir freuen uns auf Ihr ehrliches Feedback.\u00a0<\/span><\/p>\n[\/vc_column_text][vc_empty_space height=&#8221;30px&#8221;][vc_video host=&#8221;self_hosted&#8221; mp4=&#8221;http:\/\/job-agenten.de\/wp-content\/uploads\/keyboard-12794.mp4&#8243;][vc_empty_space height=&#8221;10px&#8221;][\/mk_custom_box][\/vc_column][vc_column width=&#8221;1\/2&#8243;][mk_custom_box padding_vertical=&#8221;20&#8243; margin_bottom=&#8221;40&#8243; bg_color=&#8221;#ffffff&#8221; border_color_style=&#8221;single_color&#8221; border_color=&#8221;#8f0000&#8243;][vc_column_text css=&#8221;.vc_custom_1517823769766{margin-bottom: 0px !important;}&#8221;]Hallo Frau Schimizek,<\/p>\n<p>wir sind nach wie vor mit dem uns vermittelten Physiotherapeuten und Ihrem System der Jobb\u00f6rse sehr zufrieden und br\u00e4uchten nun nochmals weiteres Personal. Vielleicht k\u00f6nnen Sie uns helfen. Nun haben wir mit dem Procedere Erfahrung, evtl. ist das ja von Vorteil.<\/p>\n<p>Wir freuen uns von Ihnen zu h\u00f6ren.<\/p>\n<p>Mit freundlichen Gr\u00fc\u00dfen<\/p>\n<p>Gregor B. Physiotherapiepraxis aus Schwarzwald, 19.10.2017[\/vc_column_text][vc_empty_space height=&#8221;30px&#8221;][\/mk_custom_box][\/vc_column][\/vc_row]\n","protected":false},"excerpt":{"rendered":"<p>[vc_row el_class=&#8221;inhalt erster&#8221;][vc_column][vc_column_text] Referenzen Hier finden Sie die aktuellen Referenzen von Unternehmen die dank den Job-Agenten sehr gute Mitarbeiter gefunden haben.[\/vc_column_text][\/vc_column][\/vc_row][vc_row][vc_column][vc_empty_space height=&#8221;40px&#8221;][\/vc_column][\/vc_row][vc_row][vc_column width=&#8221;1\/2&#8243;][mk_custom_box padding_vertical=&#8221;20&#8243; margin_bottom=&#8221;40&#8243; bg_color=&#8221;#ffffff&#8221; border_color_style=&#8221;single_color&#8221; border_color=&#8221;#8f0000&#8243;][vc_column_text] Wir haben mit den Job-Agenten innerhalb k\u00fcrzester Zeit sehr gut ausgebildete und zuverl\u00e4ssige KFZ-Mechatroniker gefunden und diese in ein festes Arbeitsverh\u00e4ltnis \u00fcbernommen. Gerne kommen wir bei Bedarf [&hellip;]<\/p>\n","protected":false},"author":1,"featured_media":0,"parent":96,"menu_order":200,"comment_status":"closed","ping_status":"closed","template":"","meta":[],"translation":{"provider":"WPGlobus","version":"3.0.0","language":"pl","enabled_languages":["de","pl"],"languages":{"de":{"title":true,"content":true,"excerpt":false},"pl":{"title":false,"content":false,"excerpt":false}}},"_links":{"self":[{"href":"https:\/\/job-agenten.de\/pl\/wp-json\/wp\/v2\/pages\/330"}],"collection":[{"href":"https:\/\/job-agenten.de\/pl\/wp-json\/wp\/v2\/pages"}],"about":[{"href":"https:\/\/job-agenten.de\/pl\/wp-json\/wp\/v2\/types\/page"}],"author":[{"embeddable":true,"href":"https:\/\/job-agenten.de\/pl\/wp-json\/wp\/v2\/users\/1"}],"replies":[{"embeddable":true,"href":"https:\/\/job-agenten.de\/pl\/wp-json\/wp\/v2\/comments?post=330"}],"version-history":[{"count":13,"href":"https:\/\/job-agenten.de\/pl\/wp-json\/wp\/v2\/pages\/330\/revisions"}],"predecessor-version":[{"id":934,"href":"https:\/\/job-agenten.de\/pl\/wp-json\/wp\/v2\/pages\/330\/revisions\/934"}],"up":[{"embeddable":true,"href":"https:\/\/job-agenten.de\/pl\/wp-json\/wp\/v2\/pages\/96"}],"wp:attachment":[{"href":"https:\/\/job-agenten.de\/pl\/wp-json\/wp\/v2\/media?parent=330"}],"curies":[{"name":"wp","href":"https:\/\/api.w.org\/{rel}","templated":true}]}}

[vc_row el_class=&#8221;inhalt erster&#8221;][vc_column][vc_column_text]
<h2>Referenzen</h2>
<p>Hier finden Sie die aktuellen Referenzen von Unternehmen die dank den Job-Agenten sehr gute Mitarbeiter gefunden haben.[/vc_column_text][/vc_column][/vc_row][vc_row][vc_column][vc_empty_space height=&#8221;40px&#8221;][/vc_column][/vc_row][vc_row][vc_column width=&#8221;1/2&#8243;][mk_custom_box padding_vertical=&#8221;20&#8243; margin_bottom=&#8221;40&#8243; bg_color=&#8221;#ffffff&#8221; border_color_style=&#8221;single_color&#8221; border_color=&#8221;#8f0000&#8243;][vc_column_text]
<p style="text-align: center;">Wir haben mit den Job-Agenten innerhalb kürzester Zeit sehr gut ausgebildete und zuverlässige KFZ-Mechatroniker gefunden und diese in ein festes Arbeitsverhältnis übernommen. Gerne kommen wir bei Bedarf wieder auf die Job-Agenten zurück. Vielen Dank und ein dickes Lob an das gesamte Team. Immer freundlich, kompetent. zuverlässig und ehrlich. Auf so ein Team kann Frau Schimizek, die Geschäftsführerin, stolz sein.</p>
<p>Stefan Fritsch, Gebietsleiter der A.T.U. Handels GmbH &amp; Co. KG</p>
[/vc_column_text][/mk_custom_box][/vc_column][vc_column width=&#8221;1/2&#8243;][mk_custom_box padding_vertical=&#8221;20&#8243; margin_bottom=&#8221;40&#8243; bg_color=&#8221;#ffffff&#8221; border_color_style=&#8221;single_color&#8221; border_color=&#8221;#8f0000&#8243;][vc_column_text css=&#8221;.vc_custom_1516619462509{margin-bottom: 0px !important;}&#8221;]
<p>Sehr geehrte Frau Schimizek,</p>
<p>ich wünsche Ihnen und Ihrem Team ein gutes und erfolgreiches Jahr 2018. An dieser Stelle möchte ich mich noch einmal ganz herzlich für die hervorragende Zusammenarbeit, für die einwandfreie und kompetente Vermittlung meine Mitarbeiter bedanken. Sie haben sich alle super eingelebt, sind qualifiziert, motiviert und äußerst loyal. Eine Bereicherung für das gesamte Team.</p>
<p>Ich freue mich auf weitere Therapeuten-Vorschläge und würde mich sehr freuen von Ihnen bald zu hören.</p>
<p>Herzliche Grüße</p>
<p>G. Miegel Therapiezentrum, Januar 2018[/vc_column_text][/mk_custom_box][/vc_column][/vc_row][vc_row][vc_column width=&#8221;1/2&#8243;][mk_custom_box padding_vertical=&#8221;20&#8243; margin_bottom=&#8221;40&#8243; bg_color=&#8221;#ffffff&#8221; border_color_style=&#8221;single_color&#8221; border_color=&#8221;#8f0000&#8243;][vc_column_text css=&#8221;.vc_custom_1516176040089{margin-bottom: 0px !important;}&#8221;]
<p style="text-align: center;"><span style="display: inline !important; float: none; background-color: transparent; color: #333333; cursor: text; font-family: Georgia,'Times New Roman','Bitstream Charter',Times,serif; font-size: 16px; font-style: normal; font-variant: normal; font-weight: 400; letter-spacing: normal; orphans: 2; text-align: left; text-decoration: none; text-indent: 0px; text-transform: none; -webkit-text-stroke-width: 0px; white-space: normal; word-spacing: 0px;">Hier haben Sie als Arbeitgeber Platz, um zu beschreiben, wie die Zusammenarbeit mit uns verlaufen ist. Wir freuen uns auf Ihr ehrliches Feedback. </span></p>
[/vc_column_text][vc_empty_space height=&#8221;30px&#8221;][vc_video host=&#8221;self_hosted&#8221; mp4=&#8221;http://job-agenten.de/wp-content/uploads/keyboard-12794.mp4&#8243;][vc_empty_space height=&#8221;10px&#8221;][/mk_custom_box][/vc_column][vc_column width=&#8221;1/2&#8243;][mk_custom_box padding_vertical=&#8221;20&#8243; margin_bottom=&#8221;40&#8243; bg_color=&#8221;#ffffff&#8221; border_color_style=&#8221;single_color&#8221; border_color=&#8221;#8f0000&#8243;][vc_column_text css=&#8221;.vc_custom_1517823769766{margin-bottom: 0px !important;}&#8221;]Hallo Frau Schimizek,</p>
<p>wir sind nach wie vor mit dem uns vermittelten Physiotherapeuten und Ihrem System der Jobbörse sehr zufrieden und bräuchten nun nochmals weiteres Personal. Vielleicht können Sie uns helfen. Nun haben wir mit dem Procedere Erfahrung, evtl. ist das ja von Vorteil.</p>
<p>Wir freuen uns von Ihnen zu hören.</p>
<p>Mit freundlichen Grüßen</p>
<p>Gregor B. Physiotherapiepraxis aus Schwarzwald, 19.10.2017[/vc_column_text][vc_empty_space height=&#8221;30px&#8221;][/mk_custom_box][/vc_column][/vc_row]

<p>[vc_row el_class=&#8221;inhalt erster&#8221;][vc_column][vc_column_text] Referenzen Hier finden Sie die aktuellen Referenzen von Unternehmen die dank den Job-Agenten sehr gute Mitarbeiter gefunden haben.[/vc_column_text][/vc_column][/vc_row][vc_row][vc_column][vc_empty_space height=&#8221;40px&#8221;][/vc_column][/vc_row][vc_row][vc_column width=&#8221;1/2&#8243;][mk_custom_box padding_vertical=&#8221;20&#8243; margin_bottom=&#8221;40&#8243; bg_color=&#8221;#ffffff&#8221; border_color_style=&#8221;single_color&#8221; border_color=&#8221;#8f0000&#8243;][vc_column_text] Wir haben mit den Job-Agenten innerhalb kürzester Zeit sehr gut ausgebildete und zuverlässige KFZ-Mechatroniker gefunden und diese in ein festes Arbeitsverhältnis übernommen. Gerne kommen wir bei Bedarf [&hellip;]</p>
